144?
3
What is the units digit of 8444379?
9
What is the thousands digit of 8010336?
0
What is the tens digit of 18878970?
7
What is the millions digit of 14790126?
4
What is the tens digit of 361536?
3
What is the ten thousands digit of 481062?
8
What is the hundreds digit of 909163?
1
What is the hundreds digit of 2726633?
6
What is the ten thousands digit of 2936062?
3
What is the hundreds digit of 416828?
8
What is the hundred thousands digit of 624383?
6
What is the hundreds digit of 553184?
1
What is the hundreds digit of 19684213?
2
What is the tens digit of 257761?
6
What is the units digit of 486136?
6
What is the hundreds digit of 3327200?
2
What is the tens digit of 154212?
1
What is the thousands digit of 3782762?
2
What is the ten thousands digit of 351867?
5
What is the tens digit of 3131541?
4
What is the units digit of 6302668?
8
What is the hundreds digit of 95576?
5
What is the ten thousands digit of 806968?
0
What is the thousands digit of 99750?
9
What is the thousands digit of 664721?
4
What is the hundred thousands digit of 501701?
5
What is the ten thousands digit of 3765585?
6
What is the hundred thousands digit of 17352194?
3
What is the hundred thousands digit of 320187?
3
What is the ten thousands digit of 2057139?
5
What is the millions digit of 2629985?
2
What is the tens digit of 805318?
1
What is the hundred thousands digit of 4487167?
4
What is the millions digit of 2273940?
2
What is the units digit of 1035488?
8
What is the thousands digit of 5769908?
9
What is the hundreds digit of 1125132?
1
What is the tens digit of 641509?
0
What is the thousands digit of 594410?
4
What is the thousands digit of 6140832?
0
What is the millions digit of 2708639?
2
What is the units digit of 4990649?
9
What is the units digit of 3971495?
5
What is the hundreds digit of 370387?
3
What is the hundreds digit of 8251437?
4
What is the millions digit of 13396481?
3
What is the hundred thousands digit of 8522483?
5
What is the millions digit of 7190424?
7
What is the millions digit of 8846218?
8
What is the units digit of 1338002?
2
What is the units digit of 7095485?
5
What is the hundred thousands digit of 664825?
6
What is the units digit of 10713061?
1
What is the tens digit of 3474343?
4
What is the hundreds digit of 195573?
5
What is the units digit of 4706473?
3
What is the thousands digit of 209774?
9
What is the units digit of 5806677?
7
What is the thousands digit of 3432440?
2
What is the hundred thousands digit of 2693046?
6
What is the hundreds digit of 372347?
3
What is the tens digit of 1670487?
8
What is the thousands digit of 1036300?
6
What is the tens digit of 65985?
8
What is the hundred thousands digit of 410397?
4
What is the ten thousands digit of 148028?
4
What is the ten thousands digit of 372002?
7
What is the units digit of 338191?
1
What is the units digit of 17915519?
9
What is the tens digit of 8966248?
4
What is the ten thousands digit of 494699?
9
What is the ten thousands digit of 13421971?
2
What is the ten thousands digit of 425886?
2
What is the ten thousands digit of 17256265?
5
What is the tens digit of 2042079?
7
What is the hundred thousands digit of 594939?
5
What is the tens digit of 397528?
2
What is the ten thousands digit of 23595595?
9
What is the units digit of 511672?
2
What is the ten thousands digit of 343756?
4
What is the hundreds digit of 8936296?
2
What is the ten millions digit of 18914316?
1
What is the hundred thousands digit of 414936?
4
What is the tens digit of 30466149?
4
What is the thousands digit of 24492477?
2
What is the hundreds digit of 29089?
0
What is the thousands digit of 125180?
5
What is the units digit of 85479?
9
What is the ten thousands digit of 16215812?
1
What is the hundreds digit of 379970?
9
What is the tens digit of 5366313?
1
What is the tens digit of 347366?
6
What is the hundreds digit of 2915607?
6
What is the hundreds digit of 298130?
1
What is the hundreds digit of 284062?
0
What is the units digit of 18508?
8
What is the units digit of 9807520?
0
What is the hundred thousands digit of 1685157?
6
What is the ten thousands digit of 110419?
1
What is the thousands digit of 1168179?
8
What is the tens digit of 612837?
3
What is the hundreds digit of 5627771?
7
What is the units digit of 249092?
2
What is the tens digit of 2813499?
9
What is the thousands digit of 161077?
1
What is the tens digit of 15729617?
1
What is the millions digit of 14661612?
4
What is the thousands digit of 22187060?
7
What is the hundreds digit of 7782566?
5
What is the millions digit of 3063346?
3
What is the hundreds digit of 30310391?
3
What is the hundreds digit of 6395744?
7
What is the tens digit of 6298257?
5
What is the tens digit of 1302811?
1
What is the hundreds digit of 65876?
8
What is the tens digit of 2094136?
3
What is the hundred thousands digit of 177619?
1
What is the tens digit of 218049?
4
What is the thousands digit of 123742?
3
What is the units digit of 522336?
6
What is the ten thousands digit of 986717?
8
What is the millions digit of 1731753?
1
What is the ten thousands digit of 1749324?
4
What is the thousands digit of 5125979?
5
What is the millions digit of 5638964?
5
What is the hundreds digit of 366149?
1
What is the tens digit of 374789?
8
What is the ten millions digit of 11136852?
1
What is the thousands digit of 46078?
6
What is the units digit of 427865?
5
What is the ten thousands digit of 44286?
4
What is the units digit of 972386?
6
What is the hundreds digit of 744341?
3
What is the hundred thousands digit of 219827?
2
What is the thousands digit of 2269381?
9
What is the millions digit of 2925776?
2
What is the units digit of 54993?
3
What is the units digit of 783705?
5
What is the hundreds digit of 788363?
3
What is the ten millions digit of 11964752?
1
What is the hundreds digit of 568308?
3
What is the millions digit of 1762073?
1
What is the thousands digit of 184577?
4
What is the units digit of 8455525?
5
What is the thousands digit of 8587669?
7
What is the hundred thousands digit of 37855174?
8
What is the tens digit of 182633?
3
What is the hundreds digit of 1183529?
5
What is the ten thousands digit of 4155201?
5
What is the hundred thousands digit of 336640?
3
What is the hundred thousands digit of 1311265?
3
What is the tens digit of 4852808?
0
What is the hundreds digit of 59141?
1
What is the units digit of 191939?
9
What is the tens digit of 79219?
1
What is the tens digit of 184409?
0
What is the hundreds digit of 3032785?
7
What is the tens digit of 1506115?
1
What is the ten thousands digit of 533090?
3
What is the ten thousands digit of 12164592?
6
What is the thousands digit of 1959940?
9
What is the hundreds digit of 6340?
3
What is the hundred thousands digit of 23437566?
4
What is the ten millions digit of 13548221?
1
What is the hundred thousands digit of 2031358?
0
What is the hundreds digit of 3910796?
7
What is the units digit of 8455682?
2
What is the hundreds digit of 687495?
4
What is the thousands digit of 256934?
6
What is the units digit of 8314784?
4
What is the hundreds digit of 1069386?
3
What is the thousands digit of 10224417?
4
What is the thousands digit of 7409969?
9
What is the tens digit of 198859?
5
What is the thousands digit of 20308053?
8
What is the hundred thousands digit of 728227?
7
What is the hundreds digit of 2170278?
2
What is the hundred thousands digit of 20793820?
7
What is the ten millions digit of 38325663?
3
What is the ten thousands digit of 23542?
2
What is the thousands digit of 34773635?
3
What is the hundreds digit of 2083370?
3
What is the hundreds digit of 319323?
3
What is the thousands digit of 349112?
9
What is the ten thousands digit of 1631233?
3
What is the thousands digit of 880282?
0
What is the ten thousands digit of 277452?
7
What is the tens digit of 9430466?
6
What is the units digit of 78810?
0
What is the hundred thousands digit of 383377?
3
What is the thousands digit of 321843?
1
What is the hundred thousands digit of 15987549?
9
What is the hundred thousands digit of 813240?
8
What is the units digit of 9420219?
9
What is the ten thousands digit of 291935?
9
What is the thousands digit of 450496?
0
What is the hundreds digit of 75790?
7
Wh